{"version":"1.0","provider_name":"Escale Bleue - Atelier Vanille","provider_url":"https:\/\/escale-bleue.fr\/en\/","title":"Arte - X:enius : Les vertus des \u00e9pices et de la vanille","type":"rich","width":600,"height":338,"html":"<blockquote class=\"wp-embedded-content\" data-secret=\"yYcnnLrwl6\"><a href=\"https:\/\/escale-bleue.fr\/en\/2014\/07\/05\/vertus-des-epices-et-de-la-vanille\/\">Arte &#8211; X:enius : Les vertus des \u00e9pices et de la vanille<\/a><\/blockquote><iframe sandbox=\"allow-scripts\" security=\"restricted\" src=\"https:\/\/escale-bleue.fr\/en\/2014\/07\/05\/vertus-des-epices-et-de-la-vanille\/embed\/#?secret=yYcnnLrwl6\" width=\"600\" height=\"338\" title=\"&#8220;Arte &#8211; X:enius : Les vertus des \u00e9pices et de la vanille&#8221; &#8212; Escale Bleue - Atelier Vanille\" data-secret=\"yYcnnLrwl6\" frameborder=\"0\" marginwidth=\"0\" marginheight=\"0\" scrolling=\"no\" class=\"wp-embedded-content\"><\/iframe><script type=\"text\/javascript\">\n\/* <![CDATA[ *\/\n\/*! This file is auto-generated *\/\n!function(d,l){\"use strict\";l.querySelector&&d.addEventListener&&\"undefined\"!=typeof URL&&(d.wp=d.wp||{},d.wp.receiveEmbedMessage||(d.wp.receiveEmbedMessage=function(e){var t=e.data;if((t||t.secret||t.message||t.value)&&!\/[^a-zA-Z0-9]\/.test(t.secret)){for(var s,r,n,a=l.querySelectorAll('iframe[data-secret=\"'+t.secret+'\"]'),o=l.querySelectorAll('blockquote[data-secret=\"'+t.secret+'\"]'),c=new RegExp(\"^https?:$\",\"i\"),i=0;i<o.length;i++)o[i].style.display=\"none\";for(i=0;i<a.length;i++)s=a[i],e.source===s.contentWindow&&(s.removeAttribute(\"style\"),\"height\"===t.message?(1e3<(r=parseInt(t.value,10))?r=1e3:~~r<200&&(r=200),s.height=r):\"link\"===t.message&&(r=new URL(s.getAttribute(\"src\")),n=new URL(t.value),c.test(n.protocol))&&n.host===r.host&&l.activeElement===s&&(d.top.location.href=t.value))}},d.addEventListener(\"message\",d.wp.receiveEmbedMessage,!1),l.addEventListener(\"DOMContentLoaded\",function(){for(var e,t,s=l.querySelectorAll(\"iframe.wp-embedded-content\"),r=0;r<s.length;r++)(t=(e=s[r]).getAttribute(\"data-secret\"))||(t=Math.random().toString(36).substring(2,12),e.src+=\"#?secret=\"+t,e.setAttribute(\"data-secret\",t)),e.contentWindow.postMessage({message:\"ready\",secret:t},\"*\")},!1)))}(window,document);\n\/\/# sourceURL=https:\/\/escale-bleue.fr\/wp-includes\/js\/wp-embed.min.js\n\/* ]]> *\/\n<\/script>\n","thumbnail_url":"http:\/\/escale-bleue.fr\/wp-content\/uploads\/2016\/05\/Vanille-Bleue-affinage.jpg","thumbnail_width":373,"thumbnail_height":222,"description":"Depuis des si\u00e8cles, les \u00e9pices se n\u00e9gocient \u00e0 prix d'or. Mais leur valeur n'est pas seulement li\u00e9e \u00e0 l'effet qu'elles produisent sur les papilles gustatives... Escale Bleue s'est lanc\u00e9e, avec l\u2019\u00e9quipe de la cha\u00eene Arte pour l'\u00e9mission scientifique X:enius, \u00e0 la d\u00e9couverte des vertus des \u00e9pices et de la vanille."}

Arte - X:enius : Les vertus des épices et de la vanille

<blockquote class="wp-embedded-content" data-secret="yYcnnLrwl6"><a href="https://escale-bleue.fr/en/2014/07/05/vertus-des-epices-et-de-la-vanille/">Arte &#8211; X:enius : Les vertus des épices et de la vanille</a></blockquote><iframe sandbox="allow-scripts" security="restricted" src="https://escale-bleue.fr/en/2014/07/05/vertus-des-epices-et-de-la-vanille/embed/#?secret=yYcnnLrwl6" width="600" height="338" title="&#8220;Arte &#8211; X:enius : Les vertus des épices et de la vanille&#8221; &#8212; Escale Bleue - Atelier Vanille" data-secret="yYcnnLrwl6" frameborder="0" marginwidth="0" marginheight="0" scrolling="no" class="wp-embedded-content"></iframe><script type="text/javascript">
/* <![CDATA[ */
/*! This file is auto-generated */
!function(d,l){"use strict";l.querySelector&&d.addEventListener&&"undefined"!=typeof URL&&(d.wp=d.wp||{},d.wp.receiveEmbedMessage||(d.wp.receiveEmbedMessage=function(e){var t=e.data;if((t||t.secret||t.message||t.value)&&!/[^a-zA-Z0-9]/.test(t.secret)){for(var s,r,n,a=l.querySelectorAll('iframe[data-secret="'+t.secret+'"]'),o=l.querySelectorAll('blockquote[data-secret="'+t.secret+'"]'),c=new RegExp("^https?:$","i"),i=0;i<o.length;i++)o[i].style.display="none";for(i=0;i<a.length;i++)s=a[i],e.source===s.contentWindow&&(s.removeAttribute("style"),"height"===t.message?(1e3<(r=parseInt(t.value,10))?r=1e3:~~r<200&&(r=200),s.height=r):"link"===t.message&&(r=new URL(s.getAttribute("src")),n=new URL(t.value),c.test(n.protocol))&&n.host===r.host&&l.activeElement===s&&(d.top.location.href=t.value))}},d.addEventListener("message",d.wp.receiveEmbedMessage,!1),l.addEventListener("DOMContentLoaded",function(){for(var e,t,s=l.querySelectorAll("iframe.wp-embedded-content"),r=0;r<s.length;r++)(t=(e=s[r]).getAttribute("data-secret"))||(t=Math.random().toString(36).substring(2,12),e.src+="#?secret="+t,e.setAttribute("data-secret",t)),e.contentWindow.postMessage({message:"ready",secret:t},"*")},!1)))}(window,document);
//# sourceURL=https://escale-bleue.fr/wp-includes/js/wp-embed.min.js
/* ]]> */
</script>

Depuis des siècles, les épices se négocient à prix d'or. Mais leur valeur n'est pas seulement liée à l'effet qu'elles produisent sur les papilles gustatives... Escale Bleue s'est lancée, avec l’équipe de la chaîne Arte pour l'émission scientifique X:enius, à la découverte des vertus des épices et de la vanille.
